s 4535164349 prime?
False
Is 208201421 a composite number?
False
Is 14364889349 a composite number?
True
Is 64677945061 a prime number?
True
Is 789967723 composite?
True
Is 10707737927 a prime number?
False
Is 11919007207 a composite number?
True
Is 585733405 a composite number?
True
Is 1703927963 a prime number?
True
Is 24957686517 a prime number?
False
Is 63209287 a composite number?
True
Is 19005198815 prime?
False
Is 1511022311 a prime number?
False
Is 1812098095 composite?
True
Is 276269423 a composite number?
False
Is 959907713 a prime number?
True
Is 95440487437 a prime number?
True
Is 7613613701 composite?
False
Is 2821648783 composite?
False
Is 2796164099 prime?
True
Is 7273613681 a prime number?
False
Is 46707301483 a composite number?
True
Is 1107619259 a prime number?
True
Is 3276129281 a prime number?
True
Is 47991896621 a composite number?
False
Is 5709207827 prime?
False
Is 17759917027 prime?
True
Is 15872823661 prime?
False
Is 6099038431 a composite number?
False
Is 30237145639 a prime number?
True
Is 172049111867 a composite number?
False
Is 101736858239 composite?
True
Is 4837547969 composite?
False
Is 3114771463 a prime number?
False
Is 28127963893 a composite number?
True
Is 327228701 composite?
False
Is 20707696699 a prime number?
True
Is 34996331129 a composite number?
False
Is 7691870089 a composite number?
False
Is 2680929983 composite?
False
Is 2077190131 a composite number?
True
Is 2178334787 a prime number?
False
Is 21704842663 a prime number?
False
Is 2669371573 a prime number?
False
Is 3169815347 prime?
True
Is 3991379923 a composite number?
True
Is 452217443 a composite number?
True
Is 44601901499 prime?
True
Is 16271083 a prime number?
False
Is 5614024123 a prime number?
True
Is 44173989487 a prime number?
False
Is 11742612053 prime?
False
Is 17124354329 a prime number?
True
Is 90218946709 a composite number?
False
Is 37665105559 a composite number?
True
Is 8879843501 a composite number?
True
Is 1878201293 prime?
False
Is 10425862229 a prime number?
False
Is 2059692199 composite?
True
Is 5635836931 a composite number?
True
Is 15767248837 composite?
False
Is 3810779174 a prime number?
False
Is 28238686891 prime?
True
Is 4144523287 composite?
False
Is 15435636353 prime?
False
Is 12663591829 a composite number?
True
Is 30182504173 prime?
True
Is 69300377119 prime?
True
Is 240921809 prime?
True
Is 2799912643 prime?
False
Is 20361757487 prime?
False
Is 165033641 composite?
True
Is 40810504957 composite?
True
Is 582579769165 a composite number?
True
Is 3662685667 prime?
False
Is 628141391 a prime number?
True
Is 1030018793 a composite number?
False
Is 481729511 a composite number?
False
Is 304572929 prime?
False
Is 9028088231 a prime number?
True
Is 407266462 composite?
True
Is 728522395 prime?
False
Is 7693882289 a prime number?
False
Is 17348853463 a composite number?
False
Is 1638995507 a composite number?
False
Is 39901867639 a composite number?
False
Is 12262927013 composite?
False
Is 2069703397 composite?
False
Is 14370560003 composite?
True
Is 25687414121 prime?
True
Is 9008551723 prime?
True
Is 63740670203 a prime number?
False
Is 1097682631 prime?
True
Is 171140599 composite?
True
Is 8833216943 a prime number?
True
Is 763952281 prime?
True
Is 23609402095 prime?
False
Is 57268265521 prime?
True
Is 176986650649 a composite number?
False
Is 18200184619 prime?
True
Is 3618102067 a prime number?
False
Is 45606161431 a prime number?
True
Is 904397477 composite?
True
Is 6026648879 a composite number?
False
Is 1746873223 composite?
False
Is 16022002159 a prime number?
True
Is 1234411201 prime?
True
Is 3521518519 composite?
True
Is 66777501289 a prime number?
False
Is 82398196453 a composite number?
False
Is 24054813967 prime?
False
Is 4052432861 a prime number?
True
Is 62784708953 a prime number?
False
Is 72385983547 a composite number?
False
Is 32028365197 a prime number?
True
Is 26038217797 composite?
True
Is 53624447501 prime?
False
Is 171427649 composite?
True
Is 158746433 composite?
False
Is 234505941279 a prime number?
False
Is 102682273339 a prime number?
False
Is 3936657841 a prime number?
True
Is 228800917 prime?
False
Is 5256457157 a composite number?
True
Is 15333830293 prime?
False
Is 10424404613 composite?
True
Is 22856439119 composite?
False
Is 5669334611 prime?
False
Is 2503894447 composite?
True
Is 463205797 a prime number?
True
Is 13038848957 a composite number?
False
Is 175931257871 a prime number?
False
Is 5489486027 composite?
False
Is 16456847747 prime?
True
Is 312287471 composite?
False
Is 7802705269 a prime number?
False
Is 201423949 a composite number?
True
Is 175349142469 a prime number?
True
Is 2727092057 prime?
True
Is 1286692907 prime?
True
Is 165501199 prime?
True
Is 9207400555 a prime number?
False
Is 298353101 a composite number?
False
Is 75287867 prime?
True
Is 24488641505 a prime number?
False
Is 201956003 a composite number?
True
Is 20591950363 a prime number?
False
Is 483340849 a prime number?
False
Is 481166155 prime?
False
Is 228769133 prime?
True
Is 506825808259 a prime number?
True
Is 2081250713 prime?
True
Is 9665082467 a composite number?
True
Is 2126589637 prime?
False
Is 258948889 composite?
False
Is 18406721329 a composite number?
True
Is 714996281 composite?
True
Is 98319779 a prime number?
False
Is 3053694533 a prime number?
False
Is 15817441781 composite?
False
Is 233061769 prime?
True
Is 8713552373 composite?
False
Is 17902551 a composite number?
True
Is 12546114719 composite?
True
Is 410760463 composite?
False
Is 42106631365 prime?
False
Is 1391572001 prime?
True
Is 7826976557 composite?
False
Is 3600280693 composite?
False
Is 737747993 a prime number?
True
Is 68050507687 composite?
False
Is 1791276493 composite?
True
Is 289594864121 prime?
True
Is 6378384923 a composite number?
False
Is 8384722187 prime?
True
Is 9852139837 composite?
False
Is 1419581354 composite?
True
Is 329512415 a composite number?
True
Is 1424579581 a prime number?
False
Is 479819029 a composite number?
True
Is 57992126701 a composite number?
False
Is 14308875545 composite?
True
Is 13820559917 a prime number?
True
Is 5340344507 prime?
True
Is 23218452401 prime?
True
Is 147188407907 a prime number?
False
Is 661628563 composite?
False
Is 7925902429 prime?
True
Is 76028155781 a composite number?
True
Is 15129217 composite?
True
Is 235675033 a composite number?
True
Is 8258132537 a prime number?
False
Is 44741717 prime?
True
Is 37620181 composite?
True
Is 293631208439 composite?
False
Is 3666464699 a composite number?
False
Is 3243812399 prime?
False
Is 15262304977 a prime number?
False
Is 4244845001 a prime number?
True
Is 223746025591 a composite number?
True
Is 78486335867 a prime number?
True
Is 32422697441 a composite number?
False
Is 819163181 a composite number?
False
Is 4687688177 a prime number?
False
Is 39107682041 prime?
True
Is 28421544131 a composite number?
False
Is 162408709 a composite number?
True
Is 563729681 a composite number?
False
Is 821419827 composite?
True
Is 11248659049 composite?
False
Is 5667009607 composite?
True
Is 1225595909 a composite number?
True
Is 730096207 composite?
False
Is 232820113 a composite number?
True
Is 1300176521 prime?
False
Is 255944205817 composite?
True
Is 49455582781 prime?
False
Is 7767690311 prime?
False
Is 471048239 composite?
True
Is 2107269337 a prime number?
False
Is 11177989 a composite number?
True
Is 465847177 prime?
True
Is 8377548689 a prime number?
True
Is 142183117 composite?
True
Is 748659391 a prime number?
False
Is 44041894361 prime?
False
Is 3035427947 a prime number?
False
Is 517880021 prime?
False
Is 28663359419 a prime number?
True
Is 163409317 composite?
False
Is 3318877609 prime?
False
Is 477073957 composite?
True
Is 16054942577 a prime number?
True
Is 52347000031 a prime number?
True
Is 1667539381 prime?
True
Is 3297443971 a composite number?
False
Is 3059746381 prime?
True
Is 317507063 prime?
True
Is 124151843 a composite number?
True
Is 113329466279 prime?
True
Is 1876152683 composite?
False
Is 8697420751 a composite number?
True
Is 625505771 a composite number?
True
Is 4837161971 a composite number?
True
Is 76127853407 composite?
True
Is 6655675613 a prime number?
True
Is 25179270049 a prime number?
False
Is 4051793519 